cond derivative of -z**3 + z**2/2 - 15*z. Let m be 0 - (-1)/(-3) - (-125)/(-75). Give d(m).
13
Let h(z) = 153 - 226 + 0*z + z + 74. Let p = -3 + 6. Calculate h(p).
4
Let w(v) be the first derivative of -6*v**2 + 3*v + 386. What is w(4)?
-45
Let r(w) = -w**3 + 7*w**2 + 9*w + 5. Let b = -130 + 132. Suppose i - 3*q - 11 = 0, b*q - 12 = -3*i + 10. Give r(i).
13
Let a(i) = -3*i**2 - 2*i + 2. Let y be a(-2). Suppose 3*x = 2*m - 7, x + 3 = m - 0*x. Let w(g) = g**2 + 3 - g**2 - 6*g**m - g**3. Determine w(y).
3
Let t be (1 + -4)*(-15)/(-9). Let o(i) = -i - 26. Let m(g) = -5 - 6 - 1 + 3. Let s(p) = 11*m(p) - 4*o(p). What is s(t)?
-15
Let d(x) = 8 - 30*x**2 - 11*x + 40*x**2 + x**3 - 1. What is d(-11)?
7
Let t be 7/(-21) + 9/((-108)/(-16)). Let r(j) = 8*j**3 + j**2 - j + 1. Calculate r(t).
9
Let y(x) be the first derivative of x**4/4 + 2*x**3/3 - x**2/2 + 2*x + 1. Let m(l) be the first derivative of -l**2/2 + 4*l - 29. Let g be m(7). Calculate y(g).
-4
Let d = -8 + 12. Let g be -2 - (9 - d) - -3. Let j(y) = y**2 + 3*y + 2. Determine j(g).
6
Suppose -100 = -10*b + 14*b. Let j be ((-6)/45*3)/((-5)/b). Let x(v) = -v + 2 - 3*v**3 + 4*v**2 + 2*v + 4*v**3. What is x(j)?
8
Let p(u) = -10*u + 6. Let t(z) = -3*z + 2. Let n(b) = 2*p(b) - 7*t(b). Let a = 184 + -184. Suppose a = -2*f - m - 9, 0*m - 3*m - 19 = 4*f. Determine n(f).
-6
Let b(y) = -y**2 + 11*y. Let h = -575 - -585. Calculate b(h).
10
Let x = 22 - 19. Suppose -x*c = k - 16, 8 = 5*c - 3*c + 2*k. Let v(m) be the third derivative of -m**6/120 + m**5/12 + m**4/3 - 7*m**3/6 - 3*m**2. What is v(c)?
5
Suppose 6 + 4 = l. Let f be (-11 + l)/((-3)/(-6)). Let s(n) = n**3 + 4*n**2 + n. Let j(o) = -o**2 + o + 1. Let q(h) = -3*j(h) - s(h). Determine q(f).
9
Let x(n) = -4*n - 2. Let p be x(-5). Suppose 0*r + 3*r - p = 0. Let u(t) = 5*t - 32. Let z(w) = w - 7. Let m(g) = -u(g) + 6*z(g). Give m(r).
-4
Let q = -15 + 20. Suppose 0 = -5*j + 3*f - 1, -q*j - 22 = 4*f. Let i(y) = 1. Let t(b) = 2*b - 3. Let c(h) = -6*i(h) - t(h). Give c(j).
1
Let a(j) = -5*j**2 - 14*j + 7. Let w(g) = -12*g**2 - 30*g + 15. Let p(f) = 7*a(f) - 3*w(f). Let n = -22 - -33. Let b = n + -5. Give p(b).
-8
Let o(v) be the third derivative of -v**7/5040 - 13*v**6/720 + v**5/15 + 2*v**2. Let x(h) be the third derivative of o(h). What is x(0)?
-13
Let k(j) be the first derivative of -2*j**2 + 7*j - 443. Calculate k(4).
-9
Let a = 9 + -10. Let u(v) = -3*v**3 + 6*v**2 - 4*v + 2. Let k(z) = -z**3 + z**2. Let h(w) = a*u(w) + 4*k(w). Let d be 1/((-2 + 3)/2). Determine h(d).
-10
Let x(j) = -16*j + 6*j + 7*j - 10. Calculate x(-7).
11
Let i(u) = 0*u**2 + 0 - 5 - 3*u**2 + u**2 + u + 3*u**2. Suppose 20*l = 17*l. Give i(l).
-5
Let l(q) be the second derivative of 1/20*q**5 - 1/2*q**2 + 1/6*q**4 + 0 - 12*q + 0*q**3. Give l(1).
2
Let o(x) = -11*x**2 + 10*x - 7. Let u(z) = -13*z**2 + 14*z - 7. Let i(j) = -6*o(j) + 5*u(j). Let n be 13/(-2) + 1/(-2). Give i(n).
-14
Let f = -3 - -14. Suppose -f + 2 = 3*v. Let s(b) = -2*b**2 + 4. Determine s(v).
-14
Let u(g) = g**3 + 5*g**2 - 7*g - 3. Let c = -41 - -35. What is u(c)?
3
Let l(m) = m**3 + m**2 - m + 3. Let q be l(0). Let i(g) = 14*g - 13*g - q - 16*g**3 + 2 + g**2. Determine i(1).
-15
Let n(s) = s**3 - 1. Let o(p) = -5*p**3 + 11*p**2 - 3*p - 8. Let a(i) = 6*n(i) + o(i). Calculate a(-11).
19
Let w = 732 - 738. Let z(l) = -l**3 - 5*l**2 + 3*l - 10. Give z(w).
8
Let v(b) = b**2 - 3*b. Let c be v(4). Let w(a) = c*a - 11*a + 8*a. Give w(-1).
-1
Let f(u) = -u**3 - 2*u**2 + 2*u + 1. Suppose -3*m = 3*w + 7 + 14, m = -3*w - 15. What is f(m)?
4
Suppose 96*m + 28 = 124*m. Let s(n) = -14*n + 2. Let t(b) = -7*b + 1. Let v(x) = 2*s(x) - 5*t(x). Determine v(m).
6
Let k(b) = 3*b**3 + 2*b**2 + 5*b - 2. Let j(z) = -8*z**3 - 6*z**2 - 15*z + 5. Let f = 37 + -33. Let g(n) = f*j(n) + 11*k(n). Determine g(4).
10
Let w(i) = 863 + i - 864 + 3*i - 5*i - 2*i. What is w(6)?
-19
Let t(l) be the first derivative of 2/3*l**3 + 2*l**2 - 2*l - 5 + 1/12*l**4. Let s(m) be the first derivative of t(m). Determine s(-5).
9
Let u = 3 - 9. Suppose 4*y = 2*k - 40, -2*k - 2*y + 1 = -15. Let c(x) = x**3 + 7*x + k*x**2 + 7 + x**2 - 6*x**2. What is c(u)?
1
Let d(f) = -1. Let c(z) = 3*z - 6. Let r(q) = -c(q) - 2*d(q). Give r(-9).
35
Let t(o) = 3 + 7*o - 6 - 4*o - o**2 - o**3. Give t(-3).
6
Let q(l) be the second derivative of l**5/20 + l**4/4 - l**3/3 + 3*l**2/2 + 519*l. Give q(2).
19
Let q = 6 - 4. Suppose -q = -5*n + 8. Suppose h + 2*a - 7 = 0, 8 + n = -5*h - a. Let l(x) = 3*x + 1. Give l(h).
-8
Let g(n) = n**2 - 4 - 477*n - 4*n**2 + 482*n. Give g(3).
-16
Suppose 3 + 2 = -5*s. Let c(x) = 6*x**3 - 6*x**2 - 7*x + 4. Let g(h) = -h**3 + h**2 + h - 1. Let r(a) = -c(a) - 5*g(a). Determine r(s).
1
Let b = -85 - -90. Let c(z) be the third derivative of 0 + 4*z**2 + z**3 + 0*z - 1/60*z**5 + 1/8*z**4. Determine c(b).
-4
Let v = 1758 + -1759. Let i(s) = 27*s**3 - s**2. Determine i(v).
-28
Let t(j) = j**3 - 9*j**2 + j - 8. Let m = 784 - 775. Calculate t(m).
1
Let c(k) = -k**3 - k**2 - k + 1. Suppose 15 = 2*q + a, 6 + 29 = 5*q + 2*a. Suppose q*h - n = 3*h - 1, 4 = h + n. Determine c(h).
-2
Let u(l) be the third derivative of -l**6/120 + l**5/30 + l**4/8 + 2*l**3/3 + 36*l**2. Give u(3).
4
Let j(r) be the third derivative of r**6/120 - r**5/5 - r**3/2 + 75*r**2 + r. Determine j(12).
-3
Suppose -2*j - 37 = -3*x, -2*x = 3*x - 5*j - 60. Let r(k) = -4*k**2 + 5*k**2 + x*k**2 - 3*k - 1 + k. Give r(-1).
15
Let l(w) = 4*w + 1 - 6*w**2 + 4*w**2 + 2 + 3*w**2. Let c be l(-4). Let s(p) = p**3 - 4*p**2 + 4*p + 1. Give s(c).
4
Let p(h) = h**3 - 2*h**2 + h - 2. Suppose 6*y + 1 = 13. Calculate p(y).
0
Let p(u) be the third derivative of -7*u**5/30 + u**4/24 - u**3/3 + 111*u**2. Give p(1).
-15
Let t(s) be the third derivative of s**3 + 1/6*s**4 + 0*s - 1/15*s**5 + 0 - 49*s**2 - 1/120*s**6. What is t(-5)?
11
Let i(d) = -10*d + 40*d - 1 - 12*d - 14*d - 1. Determine i(-6).
-26
Let s(g) = 43*g - 258. Let m be s(6). Let f(c) = c - c**3 - 4*c - c**2 + 2*c + 1. Let t(z) = z**3 + z**2 + 2*z. Let y(q) = -2*f(q) - t(q). Calculate y(m).
-2
Suppose -2*w = -5*x + 53, 0 = -4*x - 5*w + 49 - 0. Let q(a) = -a**3 + 12*a**2 - 10*a - 11. Calculate q(x).
0
Let q(z) = 2*z**2 - 7*z - 1. Let n(j) = j**2 - 6*j - 1. Let k(x) = 4*n(x) - 3*q(x). Determine k(-5).
-36
Let r(z) = 2*z - 4. Let k be r(4). Let n(m) = m**2 - k*m - 2*m + 4*m - 4 - m. Give n(-3).
14
Let y(m) = m**2 + m - 2. Let a be ((-9)/(-5))/((-15)/50). Let u(g) = 7*g**2 - 3*g - 11. Let x(n) = a*y(n) + u(n). What is x(8)?
-7
Let c(v) = 5*v**3 - 24*v**2 - 33*v - 33. Let k(q) = 2*q**3 - 12*q**2 - 16*q - 16. Let w(o) = -3*c(o) + 7*k(o). Determine w(-11).
9
Let h(v) = -40*v + 42. Let f be h(1). Let a(n) = n**3 + n**2 + n - 1. Let c(l) = 5*l**3 + 7*l**2 + 7*l - 8. Let u(t) = 6*a(t) - c(t). Determine u(f).
4
Suppose -3*d + 4*u = 8, u - 1 = -2*d + 1. Let j(p) = -3 - 2*p**3 + 63*p**2 + p + d*p - 59*p**2 + 4. What is j(3)?
-14
Let f(h) be the second derivative of h**5/20 + h**4/3 + h**3/2 - 46*h. Let n = -3 - 2. Let j = 3 + n. Give f(j).
2
Suppose q + 3*q = 4*l, 15 = 5*l. Let g(m) be the third derivative of -m**6/120 + m**5/30 + m**4/6 + m**3/6 - 4*m**2. Calculate g(q).
4
Let b(d) be the third derivative of d**4/24 - 5*d**3/2 - 20*d**2. What is b(6)?
-9
Let j(s) be the third derivative of s**8/6720 - s**7/420 + s**6/720 + s**5/40 - 37*s**4/24 + 32*s**2. Let a(q) be the second derivative of j(q). Calculate a(5).
-17
Let x(t) = 2*t**3 - 5 + 1 - 4*t - 2*t**3 - 4*t**2 - t**3. Suppose 4 = -4*n, -3*n = -0*f + 4*f + 15. Give x(f).
-1
Let z(s) = s**3 - 4*s**2 - 12*s - 4. Let o be (45/(-10))/(6/(-8)). Give z(o).
-4
Let l(c) = -c**2 - c - 4. Let d(r) = 3*r - 9. Let h(b) = 2*b - 1. Let m(v) = -d(v) + 4*h(v). Let o be m(-1). Calculate l(o).
-4
Let t(s) = -3*s**2 + 8 + 0*s**2 + 4*s + s**3 - 4*s**2. Suppose -8*i = -17*i + 54. Give t(i).
-4
Let c(g) = 8*g + g - 21*g + 6 + 10*g. Determine c(5).
-4
Let l(f) = -5*f - 1. Let w be (-1)/(-8) + (-20)/160. Suppose 11 + w = -2*s + 5*k, -15 = 4*s - 3*k. What is l(s)?
14
Let y(z) = 2*z - 20. Let l be 8/52 + (-1694)/(-143). Calculate y(l).
4
Suppose 0 = 3*u - 4*m - 17 - 6, -4*m = 20. Let n(d) = -16*d**3 + d**2 - d + 1. What is n(u)?
-15
Suppose -3*w = 3*m - 12, 5*m + 2*w - 14 = -0*m. Let a = 6 + 1. Let y(c) = c + 7. Let t(l) = -l - 10. Let q(x) = a